{"id":3493,"date":"2025-03-20T15:32:22","date_gmt":"2025-03-20T15:32:22","guid":{"rendered":"https:\/\/www.normandie-couverture.com\/?page_id=3493"},"modified":"2025-08-11T12:26:49","modified_gmt":"2025-08-11T12:26:49","slug":"services-zinguerie","status":"publish","type":"page","link":"https:\/\/www.olin-couverture.fr\/?page_id=3493","title":{"rendered":"Services Zinguerie"},"content":{"rendered":"\t\t<div data-elementor-type=\"wp-page\" data-elementor-id=\"3493\" class=\"elementor elementor-3493\" data-elementor-settings=\"{&quot;ha_cmc_init_switcher&quot;:&quot;no&quot;}\">\n\t\t\t\t<div class=\"elementor-element elementor-element-1b09761e e-con-full e-flex e-con e-parent\" data-id=\"1b09761e\" data-element_type=\"container\" data-settings=\"{&quot;background_background&quot;:&quot;classic&quot;,&quot;_ha_eqh_enable&quot;:false}\">\n\t\t\t\t<div class=\"elementor-element elementor-element-73dd2963 elementor-widget elementor-widget-heading\" data-id=\"73dd2963\" data-element_type=\"widget\" data-widget_type=\"heading.default\">\n\t\t\t\t<div class=\"elementor-widget-container\">\n\t\t\t\t\t<h1 class=\"elementor-heading-title elementor-size-default\">Goutti\u00e8res et Zinguerie<\/h1>\t\t\t\t<\/div>\n\t\t\t\t<\/div>\n\t\t\t\t<\/div>\n\t\t<div class=\"elementor-element elementor-element-35f1fb8a e-flex e-con-boxed e-con e-parent\" data-id=\"35f1fb8a\" data-element_type=\"container\" data-settings=\"{&quot;_ha_eqh_enable&quot;:false}\">\n\t\t\t\t\t<div class=\"e-con-inner\">\n\t\t<div class=\"elementor-element elementor-element-426bdcfc e-con-full e-flex e-con e-child\" data-id=\"426bdcfc\" data-element_type=\"container\" data-settings=\"{&quot;_ha_eqh_enable&quot;:false}\">\n\t\t\t\t<div class=\"elementor-element elementor-element-c7c780d elementor-widget elementor-widget-heading\" data-id=\"c7c780d\" data-element_type=\"widget\" data-widget_type=\"heading.default\">\n\t\t\t\t<div class=\"elementor-widget-container\">\n\t\t\t\t\t<h2 class=\"elementor-heading-title elementor-size-default\">Votre Expert en Zinguerie \u00e0 Lens<\/h2>\t\t\t\t<\/div>\n\t\t\t\t<\/div>\n\t\t\t\t<div class=\"elementor-element elementor-element-fc80b74 elementor-widget elementor-widget-text-editor\" data-id=\"fc80b74\" data-element_type=\"widget\" data-widget_type=\"text-editor.default\">\n\t\t\t\t<div class=\"elementor-widget-container\">\n\t\t\t\t\t\t\t\t\t<h3 data-start=\"111\" data-end=\"332\">Assurez l\u2019\u00e9vacuation des eaux et la long\u00e9vit\u00e9 de votre toiture<\/h3><p data-start=\"111\" data-end=\"332\">\u00a0<\/p><p data-start=\"111\" data-end=\"332\">Des goutti\u00e8res et une zinguerie en bon \u00e9tat sont essentielles pour \u00e9viter les infiltrations et prot\u00e9ger les murs, la toiture ainsi que les fondations.<\/p><p data-start=\"334\" data-end=\"530\">\u00a0<\/p><p data-start=\"334\" data-end=\"530\">Chez Olin Couverture, nous assurons la pose, la r\u00e9paration et le remplacement de tous vos \u00e9l\u00e9ments de zinguerie, pour un toit parfaitement \u00e9tanche et un drainage efficace des eaux pluviales.<\/p><p data-start=\"532\" data-end=\"677\">Une zinguerie soign\u00e9e et fonctionnelle<\/p><p data-start=\"532\" data-end=\"677\">\u00a0<\/p><p data-start=\"532\" data-end=\"677\">Nous intervenons sur tous types de toitures et de b\u00e2timents, en construction comme en r\u00e9novation :<\/p><ul data-start=\"679\" data-end=\"873\"><li data-start=\"679\" data-end=\"724\"><p data-start=\"681\" data-end=\"724\">Goutti\u00e8res zinc, aluminium, PVC ou cuivre<\/p><\/li><li data-start=\"725\" data-end=\"767\"><p data-start=\"727\" data-end=\"767\">Ch\u00e9neaux et descentes d\u2019eaux pluviales<\/p><\/li><li data-start=\"768\" data-end=\"818\"><p data-start=\"770\" data-end=\"818\">Habillage de rives, noues, solins, abergements<\/p><\/li><li data-start=\"819\" data-end=\"873\"><p data-start=\"821\" data-end=\"873\">\u00c9tanch\u00e9it\u00e9 autour des chemin\u00e9es, Velux et lucarnes<\/p><\/li><\/ul><p data-start=\"875\" data-end=\"1160\">\u00a0<\/p><p data-start=\"875\" data-end=\"1160\">Nos prestations comprennent :<\/p><p data-start=\"875\" data-end=\"1160\">\u2705 Pose ou remplacement de goutti\u00e8res sur mesure<\/p><p data-start=\"875\" data-end=\"1160\">\u2705 Nettoyage, d\u00e9bouchage et entretien des descentes<\/p><p data-start=\"875\" data-end=\"1160\">\u2705 R\u00e9paration ou soudure des \u00e9l\u00e9ments en zinc<\/p><p data-start=\"875\" data-end=\"1160\">\u2705 Protection contre les d\u00e9bordements et infiltrations<\/p><p data-start=\"875\" data-end=\"1160\">\u2705 Raccords \u00e9tanches et finitions soign\u00e9es<\/p><p data-start=\"1162\" data-end=\"1506\">\u00a0<\/p><p data-start=\"1162\" data-end=\"1506\">Mat\u00e9riaux durables &amp; pose dans les r\u00e8gles de l\u2019art<br data-start=\"1216\" data-end=\"1219\" \/>Nous utilisons des mat\u00e9riaux r\u00e9sistants et adapt\u00e9s au style de votre habitation.<br data-start=\"1299\" data-end=\"1302\" \/>Chaque installation est effectu\u00e9e avec pr\u00e9cision, en respectant les pentes, les normes d\u2019\u00e9vacuation et l\u2019esth\u00e9tique du b\u00e2timent.<\/p><p data-start=\"1162\" data-end=\"1506\">\u00a0<\/p><p data-start=\"1162\" data-end=\"1506\">Tous nos travaux de zinguerie sont couverts par une garantie d\u00e9cennale.<\/p><p data-start=\"1508\" data-end=\"1638\">Goutti\u00e8res \u00e0 remplacer ?<\/p><p data-start=\"1508\" data-end=\"1638\">Fuite \u00e0 r\u00e9parer ?<\/p><p data-start=\"1508\" data-end=\"1638\">Contactez Olin Couverture pour une intervention rapide et un devis gratuit.<\/p>\t\t\t\t\t\t\t\t<\/div>\n\t\t\t\t<\/div>\n\t\t\t\t<div class=\"elementor-element elementor-element-894b000 elementor-widget elementor-widget-image\" data-id=\"894b000\" data-element_type=\"widget\" data-widget_type=\"image.default\">\n\t\t\t\t<div class=\"elementor-widget-container\">\n\t\t\t\t\t\t\t\t\t\t\t\t\t\t\t<img fetchpriority=\"high\" decoding=\"async\" width=\"2048\" height=\"1536\" src=\"https:\/\/www.olin-couverture.fr\/wp-content\/uploads\/2025\/08\/7w.jpg\" class=\"attachment-full size-full wp-image-5481\" alt=\"\" srcset=\"https:\/\/www.olin-couverture.fr\/wp-content\/uploads\/2025\/08\/7w.jpg 2048w, https:\/\/www.olin-couverture.fr\/wp-content\/uploads\/2025\/08\/7w-300x225.jpg 300w, https:\/\/www.olin-couverture.fr\/wp-content\/uploads\/2025\/08\/7w-1024x768.jpg 1024w, https:\/\/www.olin-couverture.fr\/wp-content\/uploads\/2025\/08\/7w-768x576.jpg 768w, https:\/\/www.olin-couverture.fr\/wp-content\/uploads\/2025\/08\/7w-1536x1152.jpg 1536w\" sizes=\"(max-width: 2048px) 100vw, 2048px\" \/>\t\t\t\t\t\t\t\t\t\t\t\t\t\t\t<\/div>\n\t\t\t\t<\/div>\n\t\t\t\t<div class=\"elementor-element elementor-element-7a13e7a5 elementor-widget elementor-widget-heading\" data-id=\"7a13e7a5\" data-element_type=\"widget\" data-widget_type=\"heading.default\">\n\t\t\t\t<div class=\"elementor-widget-container\">\n\t\t\t\t\t<h2 class=\"elementor-heading-title elementor-size-default\">OLIN COUVERTURE : Votre Artisan Couvreur Zingueur<\/h2>\t\t\t\t<\/div>\n\t\t\t\t<\/div>\n\t\t\t\t<div class=\"elementor-element elementor-element-23f07cee elementor-widget elementor-widget-text-editor\" data-id=\"23f07cee\" data-element_type=\"widget\" data-widget_type=\"text-editor.default\">\n\t\t\t\t<div class=\"elementor-widget-container\">\n\t\t\t\t\t\t\t\t\t<p data-start=\"103\" data-end=\"255\">Le r\u00f4le principal du couvreur zingueur est d\u2019assurer l\u2019\u00e9tanch\u00e9it\u00e9 compl\u00e8te de votre toiture et de pr\u00e9venir toute infiltration d\u2019eau ou d\u2019humidit\u00e9.<\/p><p data-start=\"257\" data-end=\"461\">\u00a0<\/p><p data-start=\"257\" data-end=\"461\">Pour cela, Olin Couverture utilise des mat\u00e9riaux adapt\u00e9s \u00e0 chaque situation : zinc, cuivre, plomb, inox, aluminium, acier galvanis\u00e9, mais aussi des solutions modernes comme le PVC ou la terre cuite.<\/p><p data-start=\"463\" data-end=\"744\">La gestion des eaux pluviales fait partie des \u00e9l\u00e9ments cl\u00e9s de la zinguerie. Cela inclut la pose et la r\u00e9paration des goutti\u00e8res, descentes d\u2019eau et syst\u00e8mes de drainage, install\u00e9s avec pr\u00e9cision pour \u00e9viter l\u2019humidit\u00e9, les moisissures et les infiltrations dans votre habitation.<\/p><p data-start=\"746\" data-end=\"947\">\u00a0<\/p><p data-start=\"746\" data-end=\"947\">En tant que couvreur zingueur exp\u00e9riment\u00e9 \u00e0 Lens, nous ma\u00eetrisons \u00e9galement la pose de tuiles, d\u2019ardoises et d\u2019autres mat\u00e9riaux traditionnels ou r\u00e9gionaux, afin d\u2019allier esth\u00e9tique et fonctionnalit\u00e9.<\/p><p data-start=\"949\" data-end=\"1184\">Nous r\u00e9alisons aussi tous les raccords indispensables entre les \u00e9l\u00e9ments de toiture : lucarnes, chemin\u00e9es, fa\u00eetages, ainsi que la pose de solins et de noues, pour garantir une \u00e9tanch\u00e9it\u00e9 parfaite entre les murs et les pentes du toit.<\/p>\t\t\t\t\t\t\t\t<\/div>\n\t\t\t\t<\/div>\n\t\t\t\t<\/div>\n\t\t<div class=\"elementor-element elementor-element-484abeb7 e-con-full e-flex e-con e-child\" data-id=\"484abeb7\" data-element_type=\"container\" data-settings=\"{&quot;_ha_eqh_enable&quot;:false}\">\n\t\t<div class=\"elementor-element elementor-element-379f4004 e-con-full e-flex e-con e-child\" data-id=\"379f4004\" data-element_type=\"container\" data-settings=\"{&quot;background_background&quot;:&quot;classic&quot;,&quot;_ha_eqh_enable&quot;:false}\">\n\t\t\t\t<div class=\"elementor-element elementor-element-5c35450a elementor-widget-tablet__width-initial elementor-widget elementor-widget-ehome-contact-form-widget\" data-id=\"5c35450a\" data-element_type=\"widget\" data-widget_type=\"ehome-contact-form-widget.default\">\n\t\t\t\t<div class=\"elementor-widget-container\">\n\t\t\t\t\t\r\n\r\n\t\r\n\r\n\t<div class=\"contact-wrapper\">\r\n\t\t<div class=\"contact-items\">\r\n\t\t\t<h3>DEVIS GRATUIT<\/h3>\r\n\t\t\t\n<div class=\"wpcf7 no-js\" id=\"wpcf7-f2979-o1\" lang=\"en-US\" dir=\"ltr\" data-wpcf7-id=\"2979\">\n<div class=\"screen-reader-response\"><p role=\"status\" aria-live=\"polite\" aria-atomic=\"true\"><\/p> <ul><\/ul><\/div>\n<form action=\"\/index.php?rest_route=%2Fwp%2Fv2%2Fpages%2F3493#wpcf7-f2979-o1\" method=\"post\" class=\"wpcf7-form init\" aria-label=\"Contact form\" novalidate=\"novalidate\" data-status=\"init\">\n<fieldset class=\"hidden-fields-container\"><input type=\"hidden\" name=\"_wpcf7\" value=\"2979\" \/><input type=\"hidden\" name=\"_wpcf7_version\" value=\"6.1.5\" \/><input type=\"hidden\" name=\"_wpcf7_locale\" value=\"en_US\" \/><input type=\"hidden\" name=\"_wpcf7_unit_tag\" value=\"wpcf7-f2979-o1\" \/><input type=\"hidden\" name=\"_wpcf7_container_post\" value=\"0\" \/><input type=\"hidden\" name=\"_wpcf7_posted_data_hash\" value=\"\" \/>\n<\/fieldset>\n<div class=\"row g-4\">\n    <div class=\"col-lg-12 wow fadeInUp\">\n        <div class=\"form-clt\">\n            <span class=\"wpcf7-form-control-wrap\" data-name=\"text-437\"><input size=\"40\" maxlength=\"400\" class=\"wpcf7-form-control wpcf7-text\" aria-invalid=\"false\" placeholder=\"Nom\" value=\"\" type=\"text\" name=\"text-437\" \/><\/span>           \n        <\/div>\n    <\/div>\n  \n    <div class=\"col-lg-12 wow fadeInUp\">\n        <div class=\"form-clt\">\n            <span class=\"wpcf7-form-control-wrap\" data-name=\"tel-478\"><input size=\"40\" maxlength=\"400\" class=\"wpcf7-form-control wpcf7-tel wpcf7-text wpcf7-validates-as-tel\" aria-invalid=\"false\" placeholder=\"T\u00e9l\u00e9phone\" value=\"\" type=\"tel\" name=\"tel-478\" \/><\/span>\n        <\/div>\n    <\/div>\n    <div class=\"col-lg-12 wow fadeInUp\">\n        <div class=\"form-clt\">\n            <span class=\"wpcf7-form-control-wrap\" data-name=\"email-879\"><input size=\"40\" maxlength=\"400\" class=\"wpcf7-form-control wpcf7-email wpcf7-validates-as-required wpcf7-text wpcf7-validates-as-email\" aria-required=\"true\" aria-invalid=\"false\" placeholder=\"Email\" value=\"\" type=\"email\" name=\"email-879\" \/><\/span>\n        <\/div>\n    <\/div>\n    <div class=\"col-lg-12 wow fadeInUp\">\n        <div class=\"form-clt\">\n            <span class=\"wpcf7-form-control-wrap\" data-name=\"textarea-515\"><textarea cols=\"40\" rows=\"10\" maxlength=\"2000\" class=\"wpcf7-form-control wpcf7-textarea\" aria-invalid=\"false\" placeholder=\"Message\" name=\"textarea-515\"><\/textarea><\/span>\n        <\/div>\n    <\/div>\n    <div class=\"col-lg-12 wow fadeInUp\">\n        <button type=\"submit\" class=\"theme-btn w-100\">\n            ENVOYER\n        <\/button>\n    <\/div>\n<\/div><div class=\"wpcf7-response-output\" aria-hidden=\"true\"><\/div>\n<\/form>\n<\/div>\n\t\t<\/div>    \r\n    <\/div>\r\n\r\n\t\r\n\r\n             \r\n\t\t\t\t\t\t<\/div>\n\t\t\t\t<\/div>\n\t\t\t\t<\/div>\n\t\t\t\t<\/div>\n\t\t\t\t\t<\/div>\n\t\t\t\t<\/div>\n\t\t\t\t<\/div>\n\t\t","protected":false},"excerpt":{"rendered":"<p>Goutti\u00e8res et Zinguerie Votre Expert en Zinguerie \u00e0 Lens Assurez l\u2019\u00e9vacuation des eaux et la long\u00e9vit\u00e9 de votre toiture \u00a0 Des goutti\u00e8res et une zinguerie en bon \u00e9tat sont essentielles pour \u00e9viter les infiltrations et prot\u00e9ger les murs, la toiture ainsi que les fondations. \u00a0 Chez Olin Couverture, nous assurons la pose, la r\u00e9paration et<\/p>\n","protected":false},"author":2,"featured_media":0,"parent":0,"menu_order":0,"comment_status":"closed","ping_status":"closed","template":"elementor_header_footer","meta":{"inline_featured_image":false,"footnotes":""},"class_list":["post-3493","page","type-page","status-publish","hentry"],"aioseo_notices":[],"_links":{"self":[{"href":"https:\/\/www.olin-couverture.fr\/index.php?rest_route=\/wp\/v2\/pages\/3493","targetHints":{"allow":["GET"]}}],"collection":[{"href":"https:\/\/www.olin-couverture.fr\/index.php?rest_route=\/wp\/v2\/pages"}],"about":[{"href":"https:\/\/www.olin-couverture.fr\/index.php?rest_route=\/wp\/v2\/types\/page"}],"author":[{"embeddable":true,"href":"https:\/\/www.olin-couverture.fr\/index.php?rest_route=\/wp\/v2\/users\/2"}],"replies":[{"embeddable":true,"href":"https:\/\/www.olin-couverture.fr\/index.php?rest_route=%2Fwp%2Fv2%2Fcomments&post=3493"}],"version-history":[{"count":0,"href":"https:\/\/www.olin-couverture.fr\/index.php?rest_route=\/wp\/v2\/pages\/3493\/revisions"}],"wp:attachment":[{"href":"https:\/\/www.olin-couverture.fr\/index.php?rest_route=%2Fwp%2Fv2%2Fmedia&parent=3493"}],"curies":[{"name":"wp","href":"https:\/\/api.w.org\/{rel}","templated":true}]}}