{"id":3355,"date":"2025-03-20T13:23:11","date_gmt":"2025-03-20T13:23:11","guid":{"rendered":"https:\/\/www.normandie-couverture.com\/?page_id=3355"},"modified":"2025-08-11T12:21:05","modified_gmt":"2025-08-11T12:21:05","slug":"services-etancheite","status":"publish","type":"page","link":"https:\/\/www.olin-couverture.fr\/?page_id=3355","title":{"rendered":"Service Nettoyage"},"content":{"rendered":"\t\t<div data-elementor-type=\"wp-page\" data-elementor-id=\"3355\" class=\"elementor elementor-3355\" data-elementor-settings=\"{&quot;ha_cmc_init_switcher&quot;:&quot;no&quot;}\">\n\t\t\t\t<div class=\"elementor-element elementor-element-1b09761e e-con-full e-flex e-con e-parent\" data-id=\"1b09761e\" data-element_type=\"container\" data-settings=\"{&quot;background_background&quot;:&quot;classic&quot;,&quot;_ha_eqh_enable&quot;:false}\">\n\t\t\t\t<div class=\"elementor-element elementor-element-73dd2963 elementor-widget elementor-widget-heading\" data-id=\"73dd2963\" data-element_type=\"widget\" data-widget_type=\"heading.default\">\n\t\t\t\t<div class=\"elementor-widget-container\">\n\t\t\t\t\t<h1 class=\"elementor-heading-title elementor-size-default\">Nettoyage & Traitement Toiture<\/h1>\t\t\t\t<\/div>\n\t\t\t\t<\/div>\n\t\t\t\t<\/div>\n\t\t<div class=\"elementor-element elementor-element-35f1fb8a e-flex e-con-boxed e-con e-parent\" data-id=\"35f1fb8a\" data-element_type=\"container\" data-settings=\"{&quot;_ha_eqh_enable&quot;:false}\">\n\t\t\t\t\t<div class=\"e-con-inner\">\n\t\t<div class=\"elementor-element elementor-element-426bdcfc e-con-full e-flex e-con e-child\" data-id=\"426bdcfc\" data-element_type=\"container\" data-settings=\"{&quot;_ha_eqh_enable&quot;:false}\">\n\t\t\t\t<div class=\"elementor-element elementor-element-c7c780d elementor-widget elementor-widget-heading\" data-id=\"c7c780d\" data-element_type=\"widget\" data-widget_type=\"heading.default\">\n\t\t\t\t<div class=\"elementor-widget-container\">\n\t\t\t\t\t<h2 class=\"elementor-heading-title elementor-size-default\">Faites confiance \u00e0 OLIN COUVERTURE pour son expertise et ses ann\u00e9es d\u2019exp\u00e9rience\n\n<\/h2>\t\t\t\t<\/div>\n\t\t\t\t<\/div>\n\t\t\t\t<div class=\"elementor-element elementor-element-f7f4350 elementor-widget elementor-widget-text-editor\" data-id=\"f7f4350\" data-element_type=\"widget\" data-widget_type=\"text-editor.default\">\n\t\t\t\t<div class=\"elementor-widget-container\">\n\t\t\t\t\t\t\t\t\t<h3 data-start=\"162\" data-end=\"513\">Offrez une seconde vie \u00e0 votre toiture !<\/h3><p data-start=\"162\" data-end=\"513\">\u00a0<\/p><p data-start=\"162\" data-end=\"513\">Mousses, lichens et salissures ternissent l\u2019apparence de votre toit et fragilisent ses mat\u00e9riaux.<br data-start=\"306\" data-end=\"309\" \/>Chez Olin Couverture, nous nettoyons, d\u00e9moussons et traitons votre toiture en profondeur, tout en prolongeant sa dur\u00e9e de vie gr\u00e2ce \u00e0 des produits professionnels adapt\u00e9s \u00e0 chaque type de couverture.<\/p><p data-start=\"515\" data-end=\"623\">\u00a0<\/p><h3 data-start=\"515\" data-end=\"623\">Une toiture propre, saine et prot\u00e9g\u00e9e<\/h3><p data-start=\"515\" data-end=\"623\">\u00a0<\/p><p data-start=\"515\" data-end=\"623\">Avant toute intervention, nous r\u00e9alisons un contr\u00f4le complet :<\/p><ul data-start=\"625\" data-end=\"789\"><li data-start=\"625\" data-end=\"675\"><p data-start=\"627\" data-end=\"675\">Pr\u00e9sence de mousses, microfissures ou porosit\u00e9<\/p><\/li><li data-start=\"676\" data-end=\"742\"><p data-start=\"678\" data-end=\"742\">\u00c9tat g\u00e9n\u00e9ral de la couverture (tuiles, ardoises, fibrociment\u2026)<\/p><\/li><li data-start=\"743\" data-end=\"789\"><p data-start=\"745\" data-end=\"789\">R\u00e9sistance \u00e0 l\u2019humidit\u00e9 et aux intemp\u00e9ries<\/p><\/li><\/ul><p data-start=\"791\" data-end=\"1189\">\u00a0<\/p><p data-start=\"791\" data-end=\"1189\">Nos prestations comprennent :<\/p><p data-start=\"791\" data-end=\"1189\">\u2705 Nettoyage manuel ou \u00e0 haute pression (selon la nature du toit)<\/p><p data-start=\"791\" data-end=\"1189\">\u2705 D\u00e9moussage complet avec traitement fongicide<\/p><p data-start=\"791\" data-end=\"1189\">\u2705 Application d\u2019un traitement hydrofuge pour imperm\u00e9abiliser la couverture<\/p><p data-start=\"791\" data-end=\"1189\">\u2705 Recoloration des tuiles pour un rendu comme neuf<\/p><p data-start=\"791\" data-end=\"1189\">\u2705 V\u00e9rification de l\u2019\u00e9tanch\u00e9it\u00e9 et des fixations<\/p><p data-start=\"791\" data-end=\"1189\">\u2705 Nettoyage des goutti\u00e8res et travaux de zinguerie si n\u00e9cessaire<\/p><h3 data-start=\"1191\" data-end=\"1575\">\u00a0<\/h3><h3 data-start=\"1191\" data-end=\"1575\">\u00a0<\/h3><h3 data-start=\"1191\" data-end=\"1575\">Pr\u00e9vention \u2013 Protection \u2013 Esth\u00e9tique<\/h3><p data-start=\"1191\" data-end=\"1575\">\u00a0<\/p><p data-start=\"1191\" data-end=\"1575\">Nos traitements renforcent la r\u00e9sistance de votre toiture face aux intemp\u00e9ries, retardent la repousse des mousses et am\u00e9liorent consid\u00e9rablement son aspect.<\/p><p data-start=\"1191\" data-end=\"1575\">\u00a0<\/p><p data-start=\"1191\" data-end=\"1575\">Nous utilisons des produits professionnels adapt\u00e9s \u00e0 vos mat\u00e9riaux, et nos interventions peuvent b\u00e9n\u00e9ficier d\u2019une garantie d\u00e9cennale lorsqu\u2019elles sont associ\u00e9es \u00e0 d\u2019autres travaux.<\/p><p data-start=\"1577\" data-end=\"1759\">\u00a0<\/p><p data-start=\"1577\" data-end=\"1759\">Votre toit a besoin d\u2019un nettoyage, d\u2019une protection ou d\u2019une recoloration ?<br data-start=\"1667\" data-end=\"1670\" \/>Contactez Olin Couverture pour un diagnostic et un devis gratuits, sans engagement.<\/p>\t\t\t\t\t\t\t\t<\/div>\n\t\t\t\t<\/div>\n\t\t\t\t<div class=\"elementor-element elementor-element-f20180a elementor-widget elementor-widget-image\" data-id=\"f20180a\" data-element_type=\"widget\" data-widget_type=\"image.default\">\n\t\t\t\t<div class=\"elementor-widget-container\">\n\t\t\t\t\t\t\t\t\t\t\t\t\t\t\t<img fetchpriority=\"high\" decoding=\"async\" width=\"1200\" height=\"800\" src=\"https:\/\/www.olin-couverture.fr\/wp-content\/uploads\/2025\/08\/1000-4.png\" class=\"attachment-full size-full wp-image-5451\" alt=\"\" srcset=\"https:\/\/www.olin-couverture.fr\/wp-content\/uploads\/2025\/08\/1000-4.png 1200w, https:\/\/www.olin-couverture.fr\/wp-content\/uploads\/2025\/08\/1000-4-300x200.png 300w, https:\/\/www.olin-couverture.fr\/wp-content\/uploads\/2025\/08\/1000-4-1024x683.png 1024w, https:\/\/www.olin-couverture.fr\/wp-content\/uploads\/2025\/08\/1000-4-768x512.png 768w\" sizes=\"(max-width: 1200px) 100vw, 1200px\" \/>\t\t\t\t\t\t\t\t\t\t\t\t\t\t\t<\/div>\n\t\t\t\t<\/div>\n\t\t\t\t<div class=\"elementor-element elementor-element-7a13e7a5 elementor-widget elementor-widget-heading\" data-id=\"7a13e7a5\" data-element_type=\"widget\" data-widget_type=\"heading.default\">\n\t\t\t\t<div class=\"elementor-widget-container\">\n\t\t\t\t\t<h2 class=\"elementor-heading-title elementor-size-default\">OLIN COUVERTURE \u00e0 Lens \u2013 Nord\u2013Pas-de-Calais\n<br>\nVotre expert \u00e0 l\u2019\u00e9coute de tous vos projets\n\n<\/h2>\t\t\t\t<\/div>\n\t\t\t\t<\/div>\n\t\t\t\t<div class=\"elementor-element elementor-element-23f07cee elementor-widget elementor-widget-text-editor\" data-id=\"23f07cee\" data-element_type=\"widget\" data-widget_type=\"text-editor.default\">\n\t\t\t\t<div class=\"elementor-widget-container\">\n\t\t\t\t\t\t\t\t\t<p data-start=\"158\" data-end=\"292\"><strong data-start=\"158\" data-end=\"177\">Olin Couverture<\/strong> est \u00e0 votre service pour r\u00e9parer, entretenir et r\u00e9nover votre toiture \u00e0 Lens et dans tout le Nord\u2013Pas-de-Calais.<\/p><p data-start=\"294\" data-end=\"409\">Disponibles 7j\/7, nous intervenons rapidement avec s\u00e9rieux et professionnalisme pour r\u00e9pondre \u00e0 tous vos besoins.<\/p><p data-start=\"294\" data-end=\"409\">\u00a0<\/p><p data-start=\"411\" data-end=\"721\">Avant chaque chantier, nous r\u00e9alisons un diagnostic complet de votre toiture afin de vous conseiller les r\u00e9parations les plus adapt\u00e9es. Notre \u00e9quipe de couvreurs qualifi\u00e9s privil\u00e9gie des solutions sur mesure, en d\u00e9tectant les d\u00e9fauts existants pour \u00e9viter des travaux lourds et co\u00fbteux lors d\u2019une r\u00e9novation.<\/p><p data-start=\"411\" data-end=\"721\">\u00a0<\/p><p data-start=\"723\" data-end=\"1005\">\u00c9tanch\u00e9it\u00e9, r\u00e9paration, entretien\u2026 Confiez-nous vos projets : nous mettons tout notre savoir-faire et plus de 10 ans d\u2019exp\u00e9rience \u00e0 votre service.<br data-start=\"869\" data-end=\"872\" \/>Notre engagement ? Un travail de qualit\u00e9 au juste prix, pens\u00e9 pour garantir la durabilit\u00e9 et la performance de chaque intervention.<\/p><p data-start=\"723\" data-end=\"1005\">\u00a0<\/p><p data-start=\"1007\" data-end=\"1271\">Nous avons \u00e0 c\u0153ur de vous offrir les meilleures solutions pour votre toiture, vos fa\u00e7ades et vos travaux de peinture, avec un service \u00e0 la hauteur de vos attentes.<br data-start=\"1170\" data-end=\"1173\" \/><strong data-start=\"1173\" data-end=\"1269\">Contactez Olin Couverture d\u00e8s aujourd\u2019hui pour un devis gratuit et une intervention rapide !<\/strong><\/p>\t\t\t\t\t\t\t\t<\/div>\n\t\t\t\t<\/div>\n\t\t\t\t<\/div>\n\t\t<div class=\"elementor-element elementor-element-484abeb7 e-con-full e-flex e-con e-child\" data-id=\"484abeb7\" data-element_type=\"container\" data-settings=\"{&quot;_ha_eqh_enable&quot;:false}\">\n\t\t<div class=\"elementor-element elementor-element-379f4004 e-con-full e-flex e-con e-child\" data-id=\"379f4004\" data-element_type=\"container\" data-settings=\"{&quot;background_background&quot;:&quot;classic&quot;,&quot;_ha_eqh_enable&quot;:false}\">\n\t\t\t\t<div class=\"elementor-element elementor-element-5c35450a elementor-widget-tablet__width-initial elementor-widget elementor-widget-ehome-contact-form-widget\" data-id=\"5c35450a\" data-element_type=\"widget\" data-widget_type=\"ehome-contact-form-widget.default\">\n\t\t\t\t<div class=\"elementor-widget-container\">\n\t\t\t\t\t\r\n\r\n\t\r\n\r\n\t<div class=\"contact-wrapper\">\r\n\t\t<div class=\"contact-items\">\r\n\t\t\t<h3>DEVIS GRATUIT<\/h3>\r\n\t\t\t\n<div class=\"wpcf7 no-js\" id=\"wpcf7-f2979-o1\" lang=\"en-US\" dir=\"ltr\" data-wpcf7-id=\"2979\">\n<div class=\"screen-reader-response\"><p role=\"status\" aria-live=\"polite\" aria-atomic=\"true\"><\/p> <ul><\/ul><\/div>\n<form action=\"\/index.php?rest_route=%2Fwp%2Fv2%2Fpages%2F3355#wpcf7-f2979-o1\" method=\"post\" class=\"wpcf7-form init\" aria-label=\"Contact form\" novalidate=\"novalidate\" data-status=\"init\">\n<fieldset class=\"hidden-fields-container\"><input type=\"hidden\" name=\"_wpcf7\" value=\"2979\" \/><input type=\"hidden\" name=\"_wpcf7_version\" value=\"6.1.5\" \/><input type=\"hidden\" name=\"_wpcf7_locale\" value=\"en_US\" \/><input type=\"hidden\" name=\"_wpcf7_unit_tag\" value=\"wpcf7-f2979-o1\" \/><input type=\"hidden\" name=\"_wpcf7_container_post\" value=\"0\" \/><input type=\"hidden\" name=\"_wpcf7_posted_data_hash\" value=\"\" \/>\n<\/fieldset>\n<div class=\"row g-4\">\n    <div class=\"col-lg-12 wow fadeInUp\">\n        <div class=\"form-clt\">\n            <span class=\"wpcf7-form-control-wrap\" data-name=\"text-437\"><input size=\"40\" maxlength=\"400\" class=\"wpcf7-form-control wpcf7-text\" aria-invalid=\"false\" placeholder=\"Nom\" value=\"\" type=\"text\" name=\"text-437\" \/><\/span>           \n        <\/div>\n    <\/div>\n  \n    <div class=\"col-lg-12 wow fadeInUp\">\n        <div class=\"form-clt\">\n            <span class=\"wpcf7-form-control-wrap\" data-name=\"tel-478\"><input size=\"40\" maxlength=\"400\" class=\"wpcf7-form-control wpcf7-tel wpcf7-text wpcf7-validates-as-tel\" aria-invalid=\"false\" placeholder=\"T\u00e9l\u00e9phone\" value=\"\" type=\"tel\" name=\"tel-478\" \/><\/span>\n        <\/div>\n    <\/div>\n    <div class=\"col-lg-12 wow fadeInUp\">\n        <div class=\"form-clt\">\n            <span class=\"wpcf7-form-control-wrap\" data-name=\"email-879\"><input size=\"40\" maxlength=\"400\" class=\"wpcf7-form-control wpcf7-email wpcf7-validates-as-required wpcf7-text wpcf7-validates-as-email\" aria-required=\"true\" aria-invalid=\"false\" placeholder=\"Email\" value=\"\" type=\"email\" name=\"email-879\" \/><\/span>\n        <\/div>\n    <\/div>\n    <div class=\"col-lg-12 wow fadeInUp\">\n        <div class=\"form-clt\">\n            <span class=\"wpcf7-form-control-wrap\" data-name=\"textarea-515\"><textarea cols=\"40\" rows=\"10\" maxlength=\"2000\" class=\"wpcf7-form-control wpcf7-textarea\" aria-invalid=\"false\" placeholder=\"Message\" name=\"textarea-515\"><\/textarea><\/span>\n        <\/div>\n    <\/div>\n    <div class=\"col-lg-12 wow fadeInUp\">\n        <button type=\"submit\" class=\"theme-btn w-100\">\n            ENVOYER\n        <\/button>\n    <\/div>\n<\/div><div class=\"wpcf7-response-output\" aria-hidden=\"true\"><\/div>\n<\/form>\n<\/div>\n\t\t<\/div>    \r\n    <\/div>\r\n\r\n\t\r\n\r\n             \r\n\t\t\t\t\t\t<\/div>\n\t\t\t\t<\/div>\n\t\t\t\t<\/div>\n\t\t\t\t<\/div>\n\t\t\t\t\t<\/div>\n\t\t\t\t<\/div>\n\t\t\t\t<\/div>\n\t\t","protected":false},"excerpt":{"rendered":"<p>Nettoyage &#038; Traitement Toiture Faites confiance \u00e0 OLIN COUVERTURE pour son expertise et ses ann\u00e9es d\u2019exp\u00e9rience Offrez une seconde vie \u00e0 votre toiture ! \u00a0 Mousses, lichens et salissures ternissent l\u2019apparence de votre toit et fragilisent ses mat\u00e9riaux.Chez Olin Couverture, nous nettoyons, d\u00e9moussons et traitons votre toiture en profondeur, tout en prolongeant sa dur\u00e9e de<\/p>\n","protected":false},"author":2,"featured_media":0,"parent":0,"menu_order":0,"comment_status":"closed","ping_status":"closed","template":"elementor_header_footer","meta":{"inline_featured_image":false,"footnotes":""},"class_list":["post-3355","page","type-page","status-publish","hentry"],"aioseo_notices":[],"_links":{"self":[{"href":"https:\/\/www.olin-couverture.fr\/index.php?rest_route=\/wp\/v2\/pages\/3355","targetHints":{"allow":["GET"]}}],"collection":[{"href":"https:\/\/www.olin-couverture.fr\/index.php?rest_route=\/wp\/v2\/pages"}],"about":[{"href":"https:\/\/www.olin-couverture.fr\/index.php?rest_route=\/wp\/v2\/types\/page"}],"author":[{"embeddable":true,"href":"https:\/\/www.olin-couverture.fr\/index.php?rest_route=\/wp\/v2\/users\/2"}],"replies":[{"embeddable":true,"href":"https:\/\/www.olin-couverture.fr\/index.php?rest_route=%2Fwp%2Fv2%2Fcomments&post=3355"}],"version-history":[{"count":0,"href":"https:\/\/www.olin-couverture.fr\/index.php?rest_route=\/wp\/v2\/pages\/3355\/revisions"}],"wp:attachment":[{"href":"https:\/\/www.olin-couverture.fr\/index.php?rest_route=%2Fwp%2Fv2%2Fmedia&parent=3355"}],"curies":[{"name":"wp","href":"https:\/\/api.w.org\/{rel}","templated":true}]}}